{"id":988,"date":"2022-04-27T02:37:24","date_gmt":"2022-04-26T23:37:24","guid":{"rendered":"http:\/\/hiziro.com\/?post_type=product&#038;p=988"},"modified":"2025-10-13T06:29:53","modified_gmt":"2025-10-13T03:29:53","slug":"masa-bayraklari-l-ve-t-tipi","status":"publish","type":"product","link":"https:\/\/hiziro.com\/?product=masa-bayraklari-l-ve-t-tipi","title":{"rendered":"Masa Bayraklar\u0131 | L ve T Tipi"},"content":{"rendered":"","protected":false},"excerpt":{"rendered":"","protected":false},"featured_media":1155,"comment_status":"open","ping_status":"closed","template":"","meta":[],"product_brand":[],"product_cat":[112,15,107],"product_tag":[],"class_list":{"0":"post-988","1":"product","2":"type-product","3":"status-publish","4":"has-post-thumbnail","6":"product_cat-bayrak-flama","7":"product_cat-genel","8":"product_cat-reklam","10":"first","11":"instock","12":"taxable","13":"shipping-taxable","14":"product-type-simple"},"yoast_head":"<!-- This site is optimized with the Yoast SEO plugin v27.4 - https:\/\/yoast.com\/product\/yoast-seo-wordpress\/ -->\n<title>Masa Bayraklar\u0131 | L ve T Tipi -<\/title>\n<meta name=\"robots\" content=\"index, follow, max-snippet:-1, max-image-preview:large, max-video-preview:-1\" \/>\n<link rel=\"canonical\" href=\"https:\/\/hiziro.com\/?product=masa-bayraklari-l-ve-t-tipi\" \/>\n<meta property=\"og:locale\" content=\"tr_TR\" \/>\n<meta property=\"og:type\" content=\"article\" \/>\n<meta property=\"og:title\" content=\"Masa Bayraklar\u0131 | L ve T Tipi -\" \/>\n<meta property=\"og:url\" content=\"https:\/\/hiziro.com\/?product=masa-bayraklari-l-ve-t-tipi\" \/>\n<meta property=\"article:modified_time\" content=\"2025-10-13T03:29:53+00:00\" \/>\n<meta property=\"og:image\" content=\"http:\/\/hiziro.com\/wp-content\/uploads\/2022\/04\/bayrak-HBY009.jpg\" \/>\n\t<meta property=\"og:image:width\" content=\"900\" \/>\n\t<meta property=\"og:image:height\" content=\"900\" \/>\n\t<meta property=\"og:image:type\" content=\"image\/jpeg\" \/>\n<meta name=\"twitter:card\" content=\"summary_large_image\" \/>\n<script type=\"application\/ld+json\" class=\"yoast-schema-graph\">{\"@context\":\"https:\\\/\\\/schema.org\",\"@graph\":[{\"@type\":\"WebPage\",\"@id\":\"https:\\\/\\\/hiziro.com\\\/?product=masa-bayraklari-l-ve-t-tipi\",\"url\":\"https:\\\/\\\/hiziro.com\\\/?product=masa-bayraklari-l-ve-t-tipi\",\"name\":\"Masa Bayraklar\u0131 | L ve T Tipi -\",\"isPartOf\":{\"@id\":\"https:\\\/\\\/hiziro.com\\\/#website\"},\"primaryImageOfPage\":{\"@id\":\"https:\\\/\\\/hiziro.com\\\/?product=masa-bayraklari-l-ve-t-tipi#primaryimage\"},\"image\":{\"@id\":\"https:\\\/\\\/hiziro.com\\\/?product=masa-bayraklari-l-ve-t-tipi#primaryimage\"},\"thumbnailUrl\":\"https:\\\/\\\/hiziro.com\\\/wp-content\\\/uploads\\\/2022\\\/04\\\/bayrak-HBY009.jpg\",\"datePublished\":\"2022-04-26T23:37:24+00:00\",\"dateModified\":\"2025-10-13T03:29:53+00:00\",\"breadcrumb\":{\"@id\":\"https:\\\/\\\/hiziro.com\\\/?product=masa-bayraklari-l-ve-t-tipi#breadcrumb\"},\"inLanguage\":\"tr\",\"potentialAction\":[{\"@type\":\"ReadAction\",\"target\":[\"https:\\\/\\\/hiziro.com\\\/?product=masa-bayraklari-l-ve-t-tipi\"]}]},{\"@type\":\"ImageObject\",\"inLanguage\":\"tr\",\"@id\":\"https:\\\/\\\/hiziro.com\\\/?product=masa-bayraklari-l-ve-t-tipi#primaryimage\",\"url\":\"https:\\\/\\\/hiziro.com\\\/wp-content\\\/uploads\\\/2022\\\/04\\\/bayrak-HBY009.jpg\",\"contentUrl\":\"https:\\\/\\\/hiziro.com\\\/wp-content\\\/uploads\\\/2022\\\/04\\\/bayrak-HBY009.jpg\",\"width\":900,\"height\":900},{\"@type\":\"BreadcrumbList\",\"@id\":\"https:\\\/\\\/hiziro.com\\\/?product=masa-bayraklari-l-ve-t-tipi#breadcrumb\",\"itemListElement\":[{\"@type\":\"ListItem\",\"position\":1,\"name\":\"Anasayfa\",\"item\":\"https:\\\/\\\/hiziro.com\\\/\"},{\"@type\":\"ListItem\",\"position\":2,\"name\":\"Shop\",\"item\":\"https:\\\/\\\/hiziro.com\\\/?page_id=169\"},{\"@type\":\"ListItem\",\"position\":3,\"name\":\"Masa Bayraklar\u0131 | L ve T Tipi\"}]},{\"@type\":\"WebSite\",\"@id\":\"https:\\\/\\\/hiziro.com\\\/#website\",\"url\":\"https:\\\/\\\/hiziro.com\\\/\",\"name\":\"https:\\\/\\\/hiziro.com\\\/\",\"description\":\"online al\u0131\u015fveri\u015f merkezi\",\"potentialAction\":[{\"@type\":\"SearchAction\",\"target\":{\"@type\":\"EntryPoint\",\"urlTemplate\":\"https:\\\/\\\/hiziro.com\\\/?s={search_term_string}\"},\"query-input\":{\"@type\":\"PropertyValueSpecification\",\"valueRequired\":true,\"valueName\":\"search_term_string\"}}],\"inLanguage\":\"tr\"}]}<\/script>\n<!-- \/ Yoast SEO plugin. -->","yoast_head_json":{"title":"Masa Bayraklar\u0131 | L ve T Tipi -","robots":{"index":"index","follow":"follow","max-snippet":"max-snippet:-1","max-image-preview":"max-image-preview:large","max-video-preview":"max-video-preview:-1"},"canonical":"https:\/\/hiziro.com\/?product=masa-bayraklari-l-ve-t-tipi","og_locale":"tr_TR","og_type":"article","og_title":"Masa Bayraklar\u0131 | L ve T Tipi -","og_url":"https:\/\/hiziro.com\/?product=masa-bayraklari-l-ve-t-tipi","article_modified_time":"2025-10-13T03:29:53+00:00","og_image":[{"width":900,"height":900,"url":"http:\/\/hiziro.com\/wp-content\/uploads\/2022\/04\/bayrak-HBY009.jpg","type":"image\/jpeg"}],"twitter_card":"summary_large_image","schema":{"@context":"https:\/\/schema.org","@graph":[{"@type":"WebPage","@id":"https:\/\/hiziro.com\/?product=masa-bayraklari-l-ve-t-tipi","url":"https:\/\/hiziro.com\/?product=masa-bayraklari-l-ve-t-tipi","name":"Masa Bayraklar\u0131 | L ve T Tipi -","isPartOf":{"@id":"https:\/\/hiziro.com\/#website"},"primaryImageOfPage":{"@id":"https:\/\/hiziro.com\/?product=masa-bayraklari-l-ve-t-tipi#primaryimage"},"image":{"@id":"https:\/\/hiziro.com\/?product=masa-bayraklari-l-ve-t-tipi#primaryimage"},"thumbnailUrl":"https:\/\/hiziro.com\/wp-content\/uploads\/2022\/04\/bayrak-HBY009.jpg","datePublished":"2022-04-26T23:37:24+00:00","dateModified":"2025-10-13T03:29:53+00:00","breadcrumb":{"@id":"https:\/\/hiziro.com\/?product=masa-bayraklari-l-ve-t-tipi#breadcrumb"},"inLanguage":"tr","potentialAction":[{"@type":"ReadAction","target":["https:\/\/hiziro.com\/?product=masa-bayraklari-l-ve-t-tipi"]}]},{"@type":"ImageObject","inLanguage":"tr","@id":"https:\/\/hiziro.com\/?product=masa-bayraklari-l-ve-t-tipi#primaryimage","url":"https:\/\/hiziro.com\/wp-content\/uploads\/2022\/04\/bayrak-HBY009.jpg","contentUrl":"https:\/\/hiziro.com\/wp-content\/uploads\/2022\/04\/bayrak-HBY009.jpg","width":900,"height":900},{"@type":"BreadcrumbList","@id":"https:\/\/hiziro.com\/?product=masa-bayraklari-l-ve-t-tipi#breadcrumb","itemListElement":[{"@type":"ListItem","position":1,"name":"Anasayfa","item":"https:\/\/hiziro.com\/"},{"@type":"ListItem","position":2,"name":"Shop","item":"https:\/\/hiziro.com\/?page_id=169"},{"@type":"ListItem","position":3,"name":"Masa Bayraklar\u0131 | L ve T Tipi"}]},{"@type":"WebSite","@id":"https:\/\/hiziro.com\/#website","url":"https:\/\/hiziro.com\/","name":"https:\/\/hiziro.com\/","description":"online al\u0131\u015fveri\u015f merkezi","potentialAction":[{"@type":"SearchAction","target":{"@type":"EntryPoint","urlTemplate":"https:\/\/hiziro.com\/?s={search_term_string}"},"query-input":{"@type":"PropertyValueSpecification","valueRequired":true,"valueName":"search_term_string"}}],"inLanguage":"tr"}]}},"_links":{"self":[{"href":"https:\/\/hiziro.com\/index.php?rest_route=\/wp\/v2\/product\/988","targetHints":{"allow":["GET"]}}],"collection":[{"href":"https:\/\/hiziro.com\/index.php?rest_route=\/wp\/v2\/product"}],"about":[{"href":"https:\/\/hiziro.com\/index.php?rest_route=\/wp\/v2\/types\/product"}],"replies":[{"embeddable":true,"href":"https:\/\/hiziro.com\/index.php?rest_route=%2Fwp%2Fv2%2Fcomments&post=988"}],"version-history":[{"count":2,"href":"https:\/\/hiziro.com\/index.php?rest_route=\/wp\/v2\/product\/988\/revisions"}],"predecessor-version":[{"id":993,"href":"https:\/\/hiziro.com\/index.php?rest_route=\/wp\/v2\/product\/988\/revisions\/993"}],"wp:featuredmedia":[{"embeddable":true,"href":"https:\/\/hiziro.com\/index.php?rest_route=\/wp\/v2\/media\/1155"}],"wp:attachment":[{"href":"https:\/\/hiziro.com\/index.php?rest_route=%2Fwp%2Fv2%2Fmedia&parent=988"}],"wp:term":[{"taxonomy":"product_brand","embeddable":true,"href":"https:\/\/hiziro.com\/index.php?rest_route=%2Fwp%2Fv2%2Fproduct_brand&post=988"},{"taxonomy":"product_cat","embeddable":true,"href":"https:\/\/hiziro.com\/index.php?rest_route=%2Fwp%2Fv2%2Fproduct_cat&post=988"},{"taxonomy":"product_tag","embeddable":true,"href":"https:\/\/hiziro.com\/index.php?rest_route=%2Fwp%2Fv2%2Fproduct_tag&post=988"}],"curies":[{"name":"wp","href":"https:\/\/api.w.org\/{rel}","templated":true}]}}