{"id":1093,"date":"2024-12-24T00:53:54","date_gmt":"2024-12-23T21:53:54","guid":{"rendered":"https:\/\/hiziro.com\/?post_type=product&#038;p=1093"},"modified":"2025-10-24T04:50:55","modified_gmt":"2025-10-24T01:50:55","slug":"lb-sivi-parlatici","status":"publish","type":"product","link":"https:\/\/hiziro.com\/?product=lb-sivi-parlatici","title":{"rendered":"LB S\u0131v\u0131 Parlat\u0131c\u0131"},"content":{"rendered":"<h1 class=\"product_title entry-title\">LB S\u0131v\u0131 Parlat\u0131c\u0131<\/h1>\n","protected":false},"excerpt":{"rendered":"<p>LB S\u0131v\u0131 Parlat\u0131c\u0131<\/p>\n","protected":false},"featured_media":1131,"comment_status":"open","ping_status":"closed","template":"","meta":[],"product_brand":[],"product_cat":[113],"product_tag":[],"class_list":{"0":"post-1093","1":"product","2":"type-product","3":"status-publish","4":"has-post-thumbnail","6":"product_cat-havuz-kimyasallari","8":"first","9":"instock","10":"taxable","11":"shipping-taxable","12":"product-type-simple"},"yoast_head":"<!-- This site is optimized with the Yoast SEO plugin v26.6 - https:\/\/yoast.com\/wordpress\/plugins\/seo\/ -->\n<title>LB S\u0131v\u0131 Parlat\u0131c\u0131 -<\/title>\n<meta name=\"robots\" content=\"index, follow, max-snippet:-1, max-image-preview:large, max-video-preview:-1\" \/>\n<link rel=\"canonical\" href=\"https:\/\/hiziro.com\/?product=lb-sivi-parlatici\" \/>\n<meta property=\"og:locale\" content=\"tr_TR\" \/>\n<meta property=\"og:type\" content=\"article\" \/>\n<meta property=\"og:title\" content=\"LB S\u0131v\u0131 Parlat\u0131c\u0131 -\" \/>\n<meta property=\"og:description\" content=\"LB S\u0131v\u0131 Parlat\u0131c\u0131\" \/>\n<meta property=\"og:url\" content=\"https:\/\/hiziro.com\/?product=lb-sivi-parlatici\" \/>\n<meta property=\"article:modified_time\" content=\"2025-10-24T01:50:55+00:00\" \/>\n<meta property=\"og:image\" content=\"http:\/\/hiziro.com\/wp-content\/uploads\/2024\/12\/hizirocom-urunler-havuz-kimyasallari-lb-sivi-parlatic.png\" \/>\n\t<meta property=\"og:image:width\" content=\"500\" \/>\n\t<meta property=\"og:image:height\" content=\"500\" \/>\n\t<meta property=\"og:image:type\" content=\"image\/png\" \/>\n<meta name=\"twitter:card\" content=\"summary_large_image\" \/>\n<script type=\"application\/ld+json\" class=\"yoast-schema-graph\">{\"@context\":\"https:\/\/schema.org\",\"@graph\":[{\"@type\":\"WebPage\",\"@id\":\"https:\/\/hiziro.com\/?product=lb-sivi-parlatici\",\"url\":\"https:\/\/hiziro.com\/?product=lb-sivi-parlatici\",\"name\":\"LB S\u0131v\u0131 Parlat\u0131c\u0131 -\",\"isPartOf\":{\"@id\":\"https:\/\/hiziro.com\/#website\"},\"primaryImageOfPage\":{\"@id\":\"https:\/\/hiziro.com\/?product=lb-sivi-parlatici#primaryimage\"},\"image\":{\"@id\":\"https:\/\/hiziro.com\/?product=lb-sivi-parlatici#primaryimage\"},\"thumbnailUrl\":\"https:\/\/hiziro.com\/wp-content\/uploads\/2024\/12\/hizirocom-urunler-havuz-kimyasallari-lb-sivi-parlatic.png\",\"datePublished\":\"2024-12-23T21:53:54+00:00\",\"dateModified\":\"2025-10-24T01:50:55+00:00\",\"breadcrumb\":{\"@id\":\"https:\/\/hiziro.com\/?product=lb-sivi-parlatici#breadcrumb\"},\"inLanguage\":\"tr\",\"potentialAction\":[{\"@type\":\"ReadAction\",\"target\":[\"https:\/\/hiziro.com\/?product=lb-sivi-parlatici\"]}]},{\"@type\":\"ImageObject\",\"inLanguage\":\"tr\",\"@id\":\"https:\/\/hiziro.com\/?product=lb-sivi-parlatici#primaryimage\",\"url\":\"https:\/\/hiziro.com\/wp-content\/uploads\/2024\/12\/hizirocom-urunler-havuz-kimyasallari-lb-sivi-parlatic.png\",\"contentUrl\":\"https:\/\/hiziro.com\/wp-content\/uploads\/2024\/12\/hizirocom-urunler-havuz-kimyasallari-lb-sivi-parlatic.png\",\"width\":500,\"height\":500},{\"@type\":\"BreadcrumbList\",\"@id\":\"https:\/\/hiziro.com\/?product=lb-sivi-parlatici#breadcrumb\",\"itemListElement\":[{\"@type\":\"ListItem\",\"position\":1,\"name\":\"Anasayfa\",\"item\":\"https:\/\/hiziro.com\/\"},{\"@type\":\"ListItem\",\"position\":2,\"name\":\"Shop\",\"item\":\"https:\/\/hiziro.com\/?page_id=169\"},{\"@type\":\"ListItem\",\"position\":3,\"name\":\"LB S\u0131v\u0131 Parlat\u0131c\u0131\"}]},{\"@type\":\"WebSite\",\"@id\":\"https:\/\/hiziro.com\/#website\",\"url\":\"https:\/\/hiziro.com\/\",\"name\":\"https:\/\/hiziro.com\/\",\"description\":\"online al\u0131\u015fveri\u015f merkezi\",\"potentialAction\":[{\"@type\":\"SearchAction\",\"target\":{\"@type\":\"EntryPoint\",\"urlTemplate\":\"https:\/\/hiziro.com\/?s={search_term_string}\"},\"query-input\":{\"@type\":\"PropertyValueSpecification\",\"valueRequired\":true,\"valueName\":\"search_term_string\"}}],\"inLanguage\":\"tr\"}]}<\/script>\n<!-- \/ Yoast SEO plugin. -->","yoast_head_json":{"title":"LB S\u0131v\u0131 Parlat\u0131c\u0131 -","robots":{"index":"index","follow":"follow","max-snippet":"max-snippet:-1","max-image-preview":"max-image-preview:large","max-video-preview":"max-video-preview:-1"},"canonical":"https:\/\/hiziro.com\/?product=lb-sivi-parlatici","og_locale":"tr_TR","og_type":"article","og_title":"LB S\u0131v\u0131 Parlat\u0131c\u0131 -","og_description":"LB S\u0131v\u0131 Parlat\u0131c\u0131","og_url":"https:\/\/hiziro.com\/?product=lb-sivi-parlatici","article_modified_time":"2025-10-24T01:50:55+00:00","og_image":[{"width":500,"height":500,"url":"http:\/\/hiziro.com\/wp-content\/uploads\/2024\/12\/hizirocom-urunler-havuz-kimyasallari-lb-sivi-parlatic.png","type":"image\/png"}],"twitter_card":"summary_large_image","schema":{"@context":"https:\/\/schema.org","@graph":[{"@type":"WebPage","@id":"https:\/\/hiziro.com\/?product=lb-sivi-parlatici","url":"https:\/\/hiziro.com\/?product=lb-sivi-parlatici","name":"LB S\u0131v\u0131 Parlat\u0131c\u0131 -","isPartOf":{"@id":"https:\/\/hiziro.com\/#website"},"primaryImageOfPage":{"@id":"https:\/\/hiziro.com\/?product=lb-sivi-parlatici#primaryimage"},"image":{"@id":"https:\/\/hiziro.com\/?product=lb-sivi-parlatici#primaryimage"},"thumbnailUrl":"https:\/\/hiziro.com\/wp-content\/uploads\/2024\/12\/hizirocom-urunler-havuz-kimyasallari-lb-sivi-parlatic.png","datePublished":"2024-12-23T21:53:54+00:00","dateModified":"2025-10-24T01:50:55+00:00","breadcrumb":{"@id":"https:\/\/hiziro.com\/?product=lb-sivi-parlatici#breadcrumb"},"inLanguage":"tr","potentialAction":[{"@type":"ReadAction","target":["https:\/\/hiziro.com\/?product=lb-sivi-parlatici"]}]},{"@type":"ImageObject","inLanguage":"tr","@id":"https:\/\/hiziro.com\/?product=lb-sivi-parlatici#primaryimage","url":"https:\/\/hiziro.com\/wp-content\/uploads\/2024\/12\/hizirocom-urunler-havuz-kimyasallari-lb-sivi-parlatic.png","contentUrl":"https:\/\/hiziro.com\/wp-content\/uploads\/2024\/12\/hizirocom-urunler-havuz-kimyasallari-lb-sivi-parlatic.png","width":500,"height":500},{"@type":"BreadcrumbList","@id":"https:\/\/hiziro.com\/?product=lb-sivi-parlatici#breadcrumb","itemListElement":[{"@type":"ListItem","position":1,"name":"Anasayfa","item":"https:\/\/hiziro.com\/"},{"@type":"ListItem","position":2,"name":"Shop","item":"https:\/\/hiziro.com\/?page_id=169"},{"@type":"ListItem","position":3,"name":"LB S\u0131v\u0131 Parlat\u0131c\u0131"}]},{"@type":"WebSite","@id":"https:\/\/hiziro.com\/#website","url":"https:\/\/hiziro.com\/","name":"https:\/\/hiziro.com\/","description":"online al\u0131\u015fveri\u015f merkezi","potentialAction":[{"@type":"SearchAction","target":{"@type":"EntryPoint","urlTemplate":"https:\/\/hiziro.com\/?s={search_term_string}"},"query-input":{"@type":"PropertyValueSpecification","valueRequired":true,"valueName":"search_term_string"}}],"inLanguage":"tr"}]}},"_links":{"self":[{"href":"https:\/\/hiziro.com\/index.php?rest_route=\/wp\/v2\/product\/1093","targetHints":{"allow":["GET"]}}],"collection":[{"href":"https:\/\/hiziro.com\/index.php?rest_route=\/wp\/v2\/product"}],"about":[{"href":"https:\/\/hiziro.com\/index.php?rest_route=\/wp\/v2\/types\/product"}],"replies":[{"embeddable":true,"href":"https:\/\/hiziro.com\/index.php?rest_route=%2Fwp%2Fv2%2Fcomments&post=1093"}],"version-history":[{"count":1,"href":"https:\/\/hiziro.com\/index.php?rest_route=\/wp\/v2\/product\/1093\/revisions"}],"predecessor-version":[{"id":1094,"href":"https:\/\/hiziro.com\/index.php?rest_route=\/wp\/v2\/product\/1093\/revisions\/1094"}],"wp:featuredmedia":[{"embeddable":true,"href":"https:\/\/hiziro.com\/index.php?rest_route=\/wp\/v2\/media\/1131"}],"wp:attachment":[{"href":"https:\/\/hiziro.com\/index.php?rest_route=%2Fwp%2Fv2%2Fmedia&parent=1093"}],"wp:term":[{"taxonomy":"product_brand","embeddable":true,"href":"https:\/\/hiziro.com\/index.php?rest_route=%2Fwp%2Fv2%2Fproduct_brand&post=1093"},{"taxonomy":"product_cat","embeddable":true,"href":"https:\/\/hiziro.com\/index.php?rest_route=%2Fwp%2Fv2%2Fproduct_cat&post=1093"},{"taxonomy":"product_tag","embeddable":true,"href":"https:\/\/hiziro.com\/index.php?rest_route=%2Fwp%2Fv2%2Fproduct_tag&post=1093"}],"curies":[{"name":"wp","href":"https:\/\/api.w.org\/{rel}","templated":true}]}}